 Let g(c) = -3*i(c) + p(c). What is the units digit of g(m)?
4
Suppose 9*w - 5461 = 2234. Let r = w - 471. What is the units digit of r?
4
Suppose -54232 = -r - 3*m, 51*m - 216968 = -4*r + 49*m. What is the thousands digit of r?
4
Let j(c) = 5*c + 16. Let z be j(-6). Let i be (2/(1*-2))/((-2)/z). What is the units digit of (-726)/i - 4/(-14)?
4
What is the thousands digit of (256/(-56))/((-24)/12516)?
2
Let m(s) = 150*s + 9. Let j be m(-1). Let v = -72 - j. What is the units digit of v?
9
Suppose 45*j - 55296 = 9*j. What is the units digit of (0 + 1)/(5 - j/308)?
7
Let u = 0 - -51. Let w = -4 + u. Suppose 0 = -3*x + 635 - w. What is the hundreds digit of x?
1
Let o = -1 + 1. Suppose 8*n = -4*n - 24. What is the tens digit of (n - -69) + (o - 1)*2?
6
What is the units digit of -12074*1*51/(-102)?
7
Suppose 5*s + s = 12. Suppose -s*p + p = -4*p. Suppose -6*d + 186 + 588 = p. What is the tens digit of d?
2
Let h = 2919 - 6192. Suppose -3*r - 40 = -8*r. What is the tens digit of h/(-27) - r/36?
2
Suppose 3*o - o = 8, 3*o + 3363 = 5*v. What is the hundreds digit of v?
6
Let v(u) = 31*u**2 + 48*u + 67. What is the tens digit of v(18)?
7
Let n = 4532 + 3486. What is the tens digit of n?
1
Suppose 8 = 68*l - 64*l. What is the hundreds digit of (-2 - 82)/l*-6?
2
What is the hundreds digit of -148*(-2)/(-4)*(-876)/4?
2
Let r = 73 + -61. What is the tens digit of (-2264)/(-12)*r/8?
8
Suppose -d + 5*d + 6236 = 2*n, d = 5*n - 15545. Suppose 4*x + n = -4*y, x + 0*y = 2*y - 774. What is the tens digit of ((-6)/4)/(4*3/x)?
9
Suppose -4*l + 127480 = -4*z - 5228, 3*l - 4*z = 99528. What is the thousands digit of l?
3
Let n(h) = -6*h - 14. Let f be n(-4). Let t be 3*(-5)/(-30)*(f - 0). Suppose 13*m - t*m - 784 = 0. What is the tens digit of m?
9
Let k be (3 - -10) + (-9)/(-2 + -1). Suppose -k*p = -7*p - 2673. What is the units digit of p?
7
Suppose 86*x - 128911 = 54527. What is the tens digit of x?
3
Suppose -s = -b - 37356 - 6142, -4*b = 4*s - 173936. What is the ten thousands digit of s?
4
Suppose 2*j = -4*t + 386294 - 126974, -5*t = 2*j - 324146. What is the tens digit of t?
2
Suppose -k + 12*k = 2*k. Suppose 7*b - 4*b - 4*d - 1031 = k, -1370 = -4*b + 3*d. What is the hundreds digit of b?
3
Suppose -9990 + 11040 = -7*k + 60732. What is the thousands digit of k?
8
Let i(s) = 316*s**2 + 33*s + 41. What is the units digit of i(8)?
9
What is the ten thousands digit of ((-12)/16)/((-63)/2736132)?
3
Suppose 761*r - 91027 = -2*z + 764*r, 0 = 4*z + r - 182061. What is the hundreds digit of z?
5
What is the tens digit of (18/(-7))/((-158)/643139)?
6
Let r(k) = 453*k**2 - 49*k + 204. What is the tens digit of r(4)?
5
Let b(p) be the first derivative of -2*p**3/3 - 3*p**2/2 + 5*p + 23. Let n be b(2). What is the units digit of (150/n)/((-2)/36)?
0
Let o(z) be the second derivative of -7*z**3/2 + 14*z**2 + 67*z. What is the units digit of o(-3)?
1
Suppose 4*d - 38 = -2*c, 0 = -5*d - 0*d + 4*c + 80. Suppose 2*p = -5*w - d, -2*p + 16 = w - 3*w. What is the hundreds digit of 121 - (4 - (1 - w))?
1
Let g = -6008 + 93571. What is the tens digit of g?
6
Let l = 56 + -49. Let z(t) = -8 - 6 + l + 15*t. What is the units digit of z(6)?
3
Let n = -40 + 4. Suppose -76*o - 11 = -1075. Let z = o - n. What is the tens digit of z?
5
Let l(f) = -f**2 - 38*f - 161. Let c be l(-33). Suppose q - 97 = c*x, 356 = 3*q + 14*x - 13*x. What is the tens digit of q?
1
Suppose -43884 = -2*u + 2*k, 298*u + 4*k - 65833 = 295*u. What is the thousands digit of u?
1
Let t be (1 + 16625/(-21))*(-6)/4. Suppose -t - 34 = -2*w. Let x = -328 + w. What is the hundreds digit of x?
2
Suppose -5*x + 2*f + 960 = -3021, f + 3 = 0. Let t = x + -458. What is the tens digit of t?
3
Suppose -10*v - 2352 = -17*v. Suppose 4*j = -1058 + 390. Let z = j + v. What is the tens digit of z?
6
What is the tens digit of (20 - 227470/(-30))*3?
0
Suppose 10 = -2*h, 6*u = 2*u - 3*h - 735. Let k = u - -286. Let p = k - 27. What is the tens digit of p?
7
Suppose -2*v - 3*u = -0*v + 320, 4*u + 155 = -v. Let f = -16 - v. What is the units digit of f?
7
Let a(s) = 60*s**3 + 20*s**2 + 110*s - 890. What is the ten thousands digit of a(9)?
4
Let x = 498 + -483. Suppose -3386 = -5*s + 4*p, 11*s = x*s + 5*p - 2676. What is the tens digit of s?
7
Let m = -41878 + 62044. What is the units digit of m?
6
Let x = 231 + 55. Let m(y) = 14*y + 7. Let j be m(-15). Let t = x + j. What is the tens digit of t?
8
Let k be 5 - (153 - (3 - 1)). Let g = k - -150. Suppose 0 = -2*y + 4*y - j - 23, 4*y = g*j + 36. What is the tens digit of y?
1
Let f(v) be the second derivative of -17*v**4/8 - 5*v**3/6 + v**2/2 + 29*v. Let r(u) be the first derivative of f(u). What is the tens digit of r(-4)?
9
Suppose 181*n + 182*n - 381*n = -204732. What is the hundreds digit of n?
3
Let m(c) = 20*c**2 - 15*c - 31. Let p(z) = -10*z**2 + 7*z + 15. Let f(u) = -2*m(u) - 5*p(u). What is the units digit of f(-6)?
7
Suppose 134596 = 3*j - 0*j + h, 0 = -4*j + 2*h + 179478. What is the hundreds digit of j?
8
Suppose 0 = -6*v - 25 + 85. Suppose -6 = -2*t, t + 0*t - 12 = -3*a. Suppose -c + v = 2*u, 2*u - 3*c - 5 + a = 0. What is the units digit of u?
4
Let l(o) = 12*o**2 + 4*o + 49. Let c be l(-9). Let z = -662 + c. What is the tens digit of z?
2
Suppose 0 = 2*s + 8, -5*s + 3*s = 5*q + 13. Let i(g) = -1716*g**3 + 9*g**2 + 7*g - 1. What is the tens digit of i(q)?
1
Suppose -2*h = -3*w + 21539, 14*w - 15*w - 3*h + 7198 = 0. What is the tens digit of w?
8
Let g = 60 - 61. Let d(j) = 173*j**2 - 4*j - 2. Let k be d(g). Let w = k + -102. What is the tens digit of w?
7
Let y = -411 + 963. What is the hundreds digit of y?
5
Suppose -7*a = -3*a - 20. Suppose 3*g - a*x - 22 = 0, 1 = -2*g - x + 7. Suppose -4*h - g*i + 62 = -2*h, 4*i = -3*h + 91. What is the tens digit of h?
2
Suppose 534807 = -2298*c + 2311*c. What is the hundreds digit of c?
1
Let a = 37634 - 23144. What is the tens digit of a?
9
What is the thousands digit of -2 + 0 - -1596 - 40/(-10)?
1
Let v(j) = -6607*j + 780. What is the thousands digit of v(-2)?
3
Suppose 51*l - 247802 = 5*l. What is the thousands digit of l?
5
Let k = 77 - 74. Let m(z) = -3 - 36*z**3 - 33*z**3 + 2*z**2 + 70*z**k. What is the tens digit of m(4)?
9
Let z = 5788 + -2779. Suppose -20*m + z = -951. What is the hundreds digit of m?
1
Let b(i) = i**2 - 13*i. Let d be b(17). Let v = -25 + d. What is the units digit of v?
3
Let a(c) = 7*c**2 - 4*c + 48. Let i be a(5). Let r = 31 + i. What is the tens digit of r?
3
Let h = 822 - -32939. What is the tens digit of h?
6
Suppose 4*f = 4*g - 17930 + 114634, -7*g + 72578 = 3*f. What is the ten thousands digit of f?
2
Let s(f) = 4615*f - 214. What is the thousands digit of s(4)?
8
Let w(o) = o**3 + 7*o**2 - 8*o + 8. Suppose -3 = -5*v - 43. Let b be w(v). Let x = 48 - b. What is the tens digit of x?
4
Let c(y) = 10*y**2 + 10*y + 30. Let h be c(-5). Suppose 2*z = g - 584 - h, 3*z - 9 = 0. What is the tens digit of g?
2
Suppose 10*b + 22604 - 55107 - 42747 = 0. What is the hundreds digit of b?
5
Let w be (-12)/3 - (-16140)/12. Let l = -229 + w. What is the units digit of l?
2
Suppose 1183*a - 1159*a = 33456. What is the units digit of a?
4
Suppose -3*i + 19*z + 43434 = 16*z, -z = 2*i - 28944. What is the hundreds digit of i?
4
Suppose 3*s = -3*x + 60, -47 = -2*s + 2*x + 13. Let g be 24/108 - s/(-9). Suppose a = -2*h - g*h + 270, -3*h = -2*a + 475. What is the units digit of a?
5
What is the tens digit of (-22*(-527480)/1320)/(4*(-2)/(-12))?
8
Suppose 2*m = 2*w - 553 + 11147, -6*m - 5*w = -31837. What is the units digit of m?
2
Let x(n) = 9*n**2 - 3*n - 1. Let g be x(2). Suppose 28*u = g*u - 4. Suppose u*b - 2*b + 5*m = 110, -5*b - 2*m = -317. What is the tens digit of b?
6
Let c = -4089 - -7441. Let n = c + -1410. What is the thousands digit of n?
1
Let f(c) = 115*c**2 - 40*c + 182. What is the tens digit of f(6)?
8
Suppose -167*o = -81*o - 1462. Let s(k) = -k**3 + 19*k**2 - 25*k + 16. Let d(u) = -u. Let n(b) = -d(b) + s(b). What is the hundreds digit of n(o)?
1
Let h(r) = 2*r + 21. Suppose -u + 5*u = 32. Let a be h(u). Suppose 5*d = t + a + 269, 3*t - 119 = -2*d. What is the tens digit of d?
6
What is the units digit of (-3 - (-6 - 191))*(-3)/((-12)/38)?
3
Let s be -1 + (-148)/((-2)/(-12)*-3). Suppose -k = -s - 30. W